32?
16
What is the highest common factor of 574 and 28?
14
What is the highest common factor of 13113 and 403?
31
What is the greatest common factor of 123511 and 377?
29
Calculate the greatest common factor of 77 and 3045.
7
What is the greatest common factor of 925 and 2300?
25
What is the highest common factor of 2566954 and 26?
26
What is the highest common factor of 11860 and 20?
20
What is the highest common factor of 412499 and 181?
181
What is the highest common divisor of 10336 and 1634?
38
What is the greatest common factor of 2433 and 27?
3
What is the highest common factor of 306 and 33286?
34
Calculate the greatest common factor of 501 and 681193.
167
Calculate the greatest common divisor of 651 and 2184.
21
What is the highest common factor of 763 and 32700?
109
Calculate the highest common divisor of 105485 and 51.
17
Calculate the highest common divisor of 9192 and 60.
12
Calculate the greatest common divisor of 220223 and 2306.
1153
Calculate the highest common factor of 650 and 2626.
26
What is the highest common factor of 4644 and 11124?
108
What is the highest common factor of 4776 and 28200?
24
What is the highest common factor of 2134 and 7760?
194
Calculate the greatest common factor of 17 and 2718878.
17
Calculate the highest common factor of 75 and 1593.
3
Calculate the highest common factor of 4 and 4152.
4
What is the highest common divisor of 899704 and 8?
8
Calculate the highest common factor of 19904 and 256.
64
Calculate the greatest common factor of 606 and 202.
202
Calculate the highest common divisor of 451 and 15539.
41
What is the highest common factor of 183 and 503433?
183
What is the greatest common factor of 84 and 235452?
84
What is the greatest common factor of 101 and 181901?
101
Calculate the greatest common factor of 772 and 141469.
193
Calculate the highest common divisor of 41376 and 12.
12
Calculate the greatest common factor of 195 and 10495485.
195
Calculate the greatest common factor of 21944 and 24544.
104
Calculate the highest common divisor of 105 and 2355.
15
Calculate the greatest common factor of 1248 and 94368.
96
What is the greatest common divisor of 585624 and 408?
24
Calculate the greatest common divisor of 11409814 and 1222.
1222
What is the highest common divisor of 45629 and 309?
103
What is the highest common factor of 520 and 8000?
40
Calculate the highest common factor of 50 and 533250.
50
Calculate the greatest common factor of 161 and 5734337.
161
What is the highest common factor of 20930 and 1127?
161
What is the greatest common divisor of 3498 and 17028?
66
What is the highest common factor of 5864 and 86?
2
Calculate the greatest common factor of 228540 and 520.
260
Calculate the highest common factor of 500513 and 26.
13
What is the highest common factor of 78681 and 42?
3
Calculate the greatest common divisor of 199351 and 622.
311
Calculate the greatest common factor of 72040 and 40.
40
Calculate the greatest common divisor of 5152 and 2408.
56
What is the greatest common factor of 57984 and 4077?
453
What is the greatest common divisor of 12905 and 32915?
145
Calculate the greatest common factor of 1085 and 80755.
155
What is the highest common divisor of 96971 and 196?
49
What is the highest common factor of 83006 and 2178?
242
What is the greatest common factor of 11 and 37311?
1
What is the highest common factor of 685033 and 537?
179
Calculate the greatest common divisor of 40783 and 13345.
17
Calculate the greatest common divisor of 77022 and 198.
198
Calculate the highest common divisor of 52 and 516815.
13
What is the highest common divisor of 635350 and 10?
10
Calculate the greatest common divisor of 8586 and 63180.
162
What is the highest common divisor of 188470 and 20?
10
Calculate the greatest common factor of 2900 and 108344.
116
What is the greatest common divisor of 436743 and 72?
9
What is the highest common divisor of 26818 and 2915?
583
What is the greatest common factor of 39 and 39351?
39
What is the highest common factor of 9356 and 8?
4
Calculate the greatest common factor of 2065 and 11151.
413
Calculate the greatest common factor of 3634103 and 1221.
407
Calculate the greatest common factor of 38868 and 12300.
492
What is the greatest common factor of 1119 and 74227?
373
What is the highest common factor of 1956 and 284109?
489
Calculate the highest common divisor of 690 and 18354.
138
What is the greatest common factor of 479 and 377931?
479
What is the highest common factor of 2352 and 6664?
392
What is the greatest common divisor of 51080 and 30?
10
What is the greatest common divisor of 17087 and 28?
7
What is the highest common factor of 14697 and 414?
207
Calculate the greatest common divisor of 533 and 304343.
533
Calculate the greatest common factor of 86460 and 262.
262
What is the greatest common factor of 19206 and 118146?
582
What is the greatest common divisor of 788 and 332?
4
What is the greatest common divisor of 4060 and 7420?
140
Calculate the greatest common factor of 1242795 and 60.
15
Calculate the greatest common divisor of 2624 and 973996.
164
Calculate the highest common divisor of 62610 and 150.
30
What is the greatest common factor of 27794 and 13?
13
Calculate the greatest common factor of 91416 and 78.
78
Calculate the greatest common factor of 459 and 6239.
17
Calculate the highest common divisor of 467706 and 6.
6
What is the greatest common divisor of 6090 and 1162?
14
What is the greatest common factor of 60 and 243972?
12
What is the highest common factor of 140 and 17140?
20
What is the highest common factor of 108066 and 830?
166
Calculate the greatest common divisor of 18 and 3681.
9
Calculate the highest common factor of 19485 and 855.
45
What is the greatest common factor of 524888 and 2392?
104
What is the highest common factor of 8613 and 28215?
297
Calculate the highest common divisor of 135716 and 12838.
1834
What is the greatest common factor of 1462 and 85?
17
What is the greatest common divisor of 2123 and 308993?
193
What is the highest common divisor of 30 and 1509?
3
Calculate the highest common factor of 12839 and 296.
37
Calculate the greatest common divisor of 24 and 2036928.
24
Calculate the highest common factor of 21436 and 52192.
932
What is the greatest common divisor of 2632 and 987?
329
What is the greatest common divisor of 216 and 524988?
108
What is the highest common factor of 19912 and 1064?
152
Calculate the highest common divisor of 22 and 4642.
22
What is the greatest common factor of 1665 and 962?
37
What is the highest common factor of 19 and 1691000?
19
Calculate the greatest common divisor of 117091 and 52.
13
Calculate the highest common divisor of 11640 and 360.
120
What is the highest common factor of 409666 and 34?
34
What is the highest common divisor of 28 and 460418?
14
Calculate the greatest common factor of 40097 and 1191.
397
Calculate the highest common factor of 370 and 3170.
10
Calculate the highest common divisor of 10012934 and 79.
79
What is the highest common divisor of 459 and 1139?
17
What is the highest common factor of 6525602 and 1396?
698
What is the highest common divisor of 58997 and 11?
1
Calculate the highest common factor of 111 and 1213637.
37
What is the greatest common divisor of 9 and 14604?
3
What is the greatest common divisor of 816 and 2848?
16
Calculate the highest common factor of 1834 and 1064.
14
What is the highest common factor of 806 and 13981?
31
What is the greatest common divisor of 10458 and 302022?
126
Calculate the highest common divisor of 571 and 96499.
571
What is the highest common factor of 684 and 64638?
342
What is the highest common divisor of 770 and 45010?
70
What is the greatest common divisor of 24 and 643016?
8
Calculate the highest common divisor of 2388 and 512.
4
What is the greatest common divisor of 14322 and 100037?
217
Calculate the greatest common factor of 144 and 1648.
16
Calculate the highest common factor of 1209318 and 219.
219
What is the highest common divisor of 17235 and 360?
45
What is the highest common factor of 4785 and 57710?
145
What is the greatest common factor of 592 and 28488?
8
Calculate the greatest common factor of 6226 and 1738.
22
Calculate the greatest common divisor of 3173 a